 3*o. List the prime factors of h.
43
Suppose 0 = 4*f - 5*f + 26. Suppose 0*q + 2*q = f. What are the prime factors of q?
13
Let m be (-3)/(-1 + -2)*(-3 - -252). Suppose -5*t = -m - 36. List the prime factors of t.
3, 19
Suppose 1070*k + 10764 = 1076*k. List the prime factors of k.
2, 3, 13, 23
Let a(h) = -35*h + 9. Let g be a(-9). Let c = g + -209. List the prime factors of c.
5, 23
Let m(q) = 2*q**2 - 8*q + 5. Let a(f) = 3*f**2 - 12*f + 7. Let v(z) = -5*a(z) + 7*m(z). Let x be v(2). Suppose -x*c + 20 = c. List the prime factors of c.
2
Let p(b) = b + 33. Suppose 2*u = -x - 2*u - 22, 4*x = -2*u - 46. What are the prime factors of p(x)?
23
Suppose 5*t - 2906 - 11599 = 0. What are the prime factors of t?
3, 967
Suppose 2*s - 2*g - 669 - 99 = 0, s - 5*g = 368. What are the prime factors of s?
2, 97
Let b(k) = -6*k + 10. Let u be b(9). Let a = -14 - u. What are the prime factors of a?
2, 3, 5
Let j be 1 + (-7)/((-35)/(-45)). Let s(w) = -5*w + 1. Let p be s(-4). Let a = p + j. What are the prime factors of a?
13
Let a(h) = -h**3 - 11*h**2 - 10*h + 2. Let n be a(-10). Suppose -11*y + 6*y = -40. Let f = y - n. What are the prime factors of f?
2, 3
Suppose 2*v - 4*o = 0, -2*o - 2*o + 8 = 0. List the prime factors of 1/(20/205)*v.
41
Let a = -4757 + 6902. What are the prime factors of a?
3, 5, 11, 13
Let g be (1 - 4)/((-3)/(-3)). Let k(v) = -16*v - 6. List the prime factors of k(g).
2, 3, 7
Suppose 0 = -8*f - 228 + 1548. Let n = -73 + f. List the prime factors of n.
2, 23
Let f(s) = -s**2 + 25*s - 2. Let o be f(25). List the prime factors of (1037/68)/(o/(-24)).
3, 61
Let k = -3 - -6. Let f(c) = -9 + 7*c - 6 - k*c. What are the prime factors of f(12)?
3, 11
Suppose -2*p = -4*j - 6, p - 3*j = -0*p + 2. Suppose p*b - l = 232 + 1507, -1393 = -4*b - l. Suppose b = 4*h + 2*h. What are the prime factors of h?
2, 29
Suppose -114*u + 120*u = 9144. What are the prime factors of u?
2, 3, 127
Suppose -5*r = 4 - 14. Suppose -38 = -2*v - r*a, 2*v + a - 36 = -0*v. What are the prime factors of v?
17
What are the prime factors of (-32)/6*(-1 + -149)?
2, 5
Let c = -11 + 45. Suppose 85 = 5*f + 3*y - 108, -4*y = -f + c. List the prime factors of f.
2, 19
Suppose 0 = 1566*i - 1565*i - 596. What are the prime factors of i?
2, 149
Let y(q) = 15*q + 22. Let c(d) = 22*d + 33. Let l(w) = -5*c(w) + 7*y(w). Let n be (-52)/6 - (-10)/15. What are the prime factors of l(n)?
29
Let f = 1980 + 567. List the prime factors of f.
3, 283
Let m be 111/15 - 9/(-15). Let y = 12 - m. Suppose 2*c + n = c + 64, y*c + n - 271 = 0. List the prime factors of c.
3, 23
Suppose 4*x = -4*l + 140, l - 4*x = -4*l + 193. Suppose -i + l = 11. What are the prime factors of i?
2, 13
Suppose 4*g - k - 115 = 0, 146 = 6*g - g - 2*k. What are the prime factors of (0 - 13)/((-7)/g)?
2, 13
Let w be (-36)/(-27) - (-4)/6. Suppose 119 = 2*q + 3*c, -w*q + 5*c + 119 - 24 = 0. List the prime factors of q.
5, 11
Let o = 7 + -12. Let u = 9 + o. Let y = -1 + u. What are the prime factors of y?
3
Suppose -26*r + 21*r + 1260 = 0. List the prime factors of r.
2, 3, 7
Suppose 4*m - 4578 = 690. What are the prime factors of m?
3, 439
Suppose 4*n = -2*b - n + 925, -3*n = -4*b + 1811. What are the prime factors of b?
5, 7, 13
What are the prime factors of 8/(-60) - (-42441)/45?
23, 41
Let o(l) = 3*l**2 - 17*l - 32. What are the prime factors of o(-12)?
2, 151
Suppose -2*n + 8 = 2*n. Suppose 5*d = 4*d - n*x - 8, -x - 2 = 0. List the prime factors of (-2 - d)*(24 + 1).
2, 5
Let b = 17 + -14. Suppose -b*w = -2*v + 28 - 5, -w = 4*v - 11. What are the prime factors of v?
2
Let z = 3817 + -558. List the prime factors of z.
3259
Let i = 44 + -62. What are the prime factors of 3/(i/(-80)) + (-3)/9?
13
Let a(z) = -2*z - 4. Let n be a(-3). Let u be 16*((-189)/60 - -3)*-20. Suppose -s - 43 = -n*b - 11, 5*s = 2*b - u. List the prime factors of b.
2, 7
Suppose 3*y - 4*m = 1579 + 4497, m - 2 = 0. What are the prime factors of y?
2, 3, 13
Let g(r) = 6*r**2 + 6*r + 4. Let u be g(-2). Suppose u*q - 186 - 278 = 0. What are the prime factors of q?
29
Let o = -12 + 22. Let a be (-7540)/(-100) - (-6)/o. Suppose -3*l = 2*z - 6*z + 277, z - a = 3*l. What are the prime factors of z?
67
Suppose -1 = -6*i + 269. Let u = 129 + i. What are the prime factors of u?
2, 3, 29
Let q = -477 - -1082. What are the prime factors of q?
5, 11
Let b be 258/42 + 1/(-7). Suppose -b*l + 4*l + 24 = 0. List the prime factors of l + (4 - -4) + -4.
2
Suppose 4*p + 5*n - 450 = 2904, -2517 = -3*p - 3*n. List the prime factors of p.
29
Suppose 0 = 5*l + 10 - 110. Let i be l/8*(-12)/(-10). What are the prime factors of 1*-9*(-5)/i?
3, 5
Suppose 2*y = 5*q - 5 - 14, 2*y + 10 = 2*q. Let k(i) be the third derivative of i**4/3 + 5*i**3/3 - 10*i**2. List the prime factors of k(q).
2, 17
Let h be (144/(-27))/(5/(-3) - -1). Suppose 0 = 8*f + h*f - 752. List the prime factors of f.
47
Let t(k) = k - 7. Let f be t(9). Suppose -f*m + 70 = -50. List the prime factors of m.
2, 3, 5
Let o = 145 + -279. Let t = 246 + o. What are the prime factors of t?
2, 7
Let d = -29 - -29. Suppose -4*m + 3*m + 104 = d. What are the prime factors of m?
2, 13
Let z be 296/(-104) - 6/39. Let q be ((-20)/(-8))/(z/(-6)). Suppose 2*x + 6 = 3*f - 7, 0 = -5*f - q*x + 30. List the prime factors of f.
5
Suppose -90*u + 93*u = 138. What are the prime factors of u?
2, 23
Let r be 2/(-6) + (-176)/(-33). Let y be (9/r)/(-3)*-5. Suppose -y*o = -4*n - 40, -3*n + 15 + 0 = 0. List the prime factors of o.
2, 5
Let v = 224 + -128. Let p = 140 - v. Suppose 0 = -0*s + 2*s - p. What are the prime factors of s?
2, 11
Let w be (-125)/(-20) + 3*(-3)/(-12). Suppose -w*b + 8*b = 48. List the prime factors of b.
2, 3
Let r be 1/(-6)*-2 - (-672)/9. Suppose x + r = 6*x. List the prime factors of x.
3, 5
Suppose -a = q - 623, -9*a = -11*a - 8. List the prime factors of q.
3, 11, 19
Suppose -5*v = 66 + 4. Let i be (-72)/(-42) + (-4)/v. Suppose 203 = 5*a - 3*g, -32 = i*a + g - 122. List the prime factors of a.
43
Suppose -5*a + 4867 = -2*z, -2*a + 0*z + 1950 = -4*z. What are the prime factors of a?
7, 139
Let i = 2 + 0. Suppose -i*x + 9 = 1. Suppose 0 = -x*t - 0*t + 8. What are the prime factors of t?
2
Let o = 945 - 316. List the prime factors of o.
17, 37
Let x(n) = 48*n**2 + 19*n - 60. List the prime factors of x(5).
5, 13, 19
Let j(c) = 2364*c**2 - 34*c - 36. What are the prime factors of j(-1)?
2, 1181
Suppose 10 = 2*o - o + 4*v, 2*o - 5*v + 6 = 0. Suppose 4*s - 3*s = q + 51, o*s - 67 = -5*q. Suppose 5*b - s - 229 = 0. What are the prime factors of b?
5, 11
Suppose 2*i + 263 = 5*f - 490, -f + i + 153 = 0. Suppose 438 = -4*c + y + f, -3*c + 5*y = 204. Let g = -17 - c. What are the prime factors of g?
2, 7
Let f = -25 + 18. Let a = f + 32. Suppose -5*c = a, -2*g + 3*c + 56 = -17. What are the prime factors of g?
29
Suppose 20 = 3*d + 5. Suppose 5*g - 169 - 318 = -4*f, 175 = 2*g - d*f. List the prime factors of g.
5, 19
Let z be 59/22*-10 + (-8)/44. Let x = z - -43. List the prime factors of x.
2
Let h(j) = 3*j - 66. Let f be h(21). What are the prime factors of 366*1/(-9)*f?
2, 61
Suppose 0 = -19*q + 10827 + 9180. List the prime factors of q.
3, 13
Suppose -26*g - 624 = -22*g. Let w = 285 + g. What are the prime factors of w?
3, 43
List the prime factors of (3 - (-138)/10)/(11/220).
2, 3, 7
Let y = -13 + 125. Suppose g + 3*q = 124, -4*q + q - y = -g. What are the prime factors of g?
2, 59
Suppose -5*n + 43 = -17. Let f be (-4)/(-14) + (-10)/35. Suppose f*m = 2*m - n. What are the prime factors of m?
2, 3
Let h(r) = -58*r - 14. Suppose 0*d - d = -1, -3*d - 12 = 5*m. List the prime factors of h(m).
2, 5
List the prime factors of (-98)/(-21)*927/6.
7, 103
Let u(r) be the second derivative of r**3/2 + 10*r**2 + 25*r. What are the prime factors of u(8)?
2, 11
Let v = 1510 - 229. Suppose -3*h + v = 4*h. List the prime factors of h.
3, 61
Suppose -5*x = -2*x - 4*r - 1444, 0 = 4*x + 3*r - 1892. What are the prime factors of x?
2, 7, 17
Let s = 16 + -42. Let z = s + 101. List the prime factors of z.
3, 5
Suppose -3*b = -855 - 16482. What are the prime factors of b?
5779
Let d = 314 - 235. What are the prime factors of d?
79
Let d(i) = -147*i + 1. What are the prime factors of d(-2)?
5, 59
Let v = 16 - 14. Suppose -v*t + 7*t - 3*x - 163 = 